669?
6
What is the ten millions digit of 1466576968?
6
What is the tens digit of 283588497?
9
What is the units digit of 102159661?
1
What is the ten thousands digit of 117166747?
6
What is the thousands digit of 1391310496?
0
What is the thousands digit of 972874?
2
What is the hundreds digit of 517467211?
2
What is the ten thousands digit of 2628965519?
6
What is the hundred millions digit of 176796836?
1
What is the ten thousands digit of 39668837?
6
What is the hundred millions digit of 4621402078?
6
What is the units digit of 563129304?
4
What is the hundred thousands digit of 1999684158?
6
What is the thousands digit of 679260800?
0
What is the millions digit of 151304705?
1
What is the hundred thousands digit of 16755793?
7
What is the millions digit of 88588186?
8
What is the ten millions digit of 4981265168?
8
What is the hundred millions digit of 311166376?
3
What is the tens digit of 296801172?
7
What is the hundred thousands digit of 379591370?
5
What is the hundred thousands digit of 63600987?
6
What is the ten thousands digit of 365750223?
5
What is the ten millions digit of 7334390060?
3
What is the millions digit of 28160208?
8
What is the ten millions digit of 5260807457?
6
What is the hundreds digit of 51658887?
8
What is the ten thousands digit of 482515440?
1
What is the hundred thousands digit of 243918350?
9
What is the millions digit of 1636880576?
6
What is the hundreds digit of 24446201?
2
What is the ten thousands digit of 44192607?
9
What is the hundred millions digit of 184855003?
1
What is the billions digit of 2528564506?
2
What is the millions digit of 21308388?
1
What is the thousands digit of 207089906?
9
What is the millions digit of 147524881?
7
What is the thousands digit of 111700017?
0
What is the tens digit of 1525213473?
7
What is the hundred thousands digit of 843020901?
0
What is the units digit of 2035252902?
2
What is the units digit of 1676933510?
0
What is the billions digit of 2231377654?
2
What is the tens digit of 71550061?
6
What is the hundreds digit of 185499023?
0
What is the millions digit of 4655174105?
5
What is the hundred thousands digit of 56025120?
0
What is the billions digit of 1138983485?
1
What is the hundreds digit of 62281691?
6
What is the units digit of 832567091?
1
What is the units digit of 36488866?
6
What is the hundreds digit of 599100376?
3
What is the hundreds digit of 202720963?
9
What is the tens digit of 1151065360?
6
What is the hundreds digit of 523032711?
7
What is the hundred millions digit of 4026646299?
0
What is the thousands digit of 416671002?
1
What is the units digit of 75560486?
6
What is the millions digit of 2327828018?
7
What is the thousands digit of 978749889?
9
What is the hundreds digit of 8457992306?
3
What is the units digit of 5152465051?
1
What is the hundred thousands digit of 3982395152?
3
What is the thousands digit of 127843855?
3
What is the millions digit of 86621076?
6
What is the ten millions digit of 44019461?
4
What is the tens digit of 156375911?
1
What is the thousands digit of 288562492?
2
What is the ten thousands digit of 65877729?
7
What is the hundred thousands digit of 3250120?
2
What is the hundred millions digit of 1595935095?
5
What is the hundreds digit of 5251880542?
5
What is the hundred millions digit of 110462015?
1
What is the units digit of 8004321?
1
What is the thousands digit of 23038275?
8
What is the millions digit of 542658442?
2
What is the thousands digit of 50471287?
1
What is the ten millions digit of 23564481?
2
What is the hundred thousands digit of 16310617?
3
What is the tens digit of 1200516?
1
What is the hundred millions digit of 3991275791?
9
What is the tens digit of 793881863?
6
What is the ten thousands digit of 220854764?
5
What is the hundred thousands digit of 236660526?
6
What is the millions digit of 17321972?
7
What is the hundred millions digit of 3253517545?
2
What is the hundred thousands digit of 113203415?
2
What is the hundred millions digit of 107889527?
1
What is the ten millions digit of 20994392?
2
What is the ten millions digit of 5694080973?
9
What is the tens digit of 34576386?
8
What is the tens digit of 167713251?
5
What is the units digit of 24462866?
6
What is the ten millions digit of 311826171?
1
What is the hundred millions digit of 603645690?
6
What is the ten thousands digit of 54013016?
1
What is the millions digit of 6101464795?
1
What is the thousands digit of 40157085?
7
What is the thousands digit of 207438655?
8
What is the thousands digit of 1473213086?
3
What is the ten thousands digit of 46426?
4
What is the ten millions digit of 1114149375?
1
What is the hundred millions digit of 854193120?
8
What is the ten millions digit of 994718534?
9
What is the hundred thousands digit of 418413406?
4
What is the tens digit of 6225620?
2
What is the thousands digit of 145184365?
4
What is the tens digit of 648162104?
0
What is the hundred millions digit of 1480245812?
4
What is the hundred millions digit of 5289929566?
2
What is the millions digit of 8889376?
8
What is the ten thousands digit of 144932037?
3
What is the ten thousands digit of 76830645?
3
What is the millions digit of 6449078450?
9
What is the tens digit of 2029425546?
4
What is the millions digit of 540600380?
0
What is the units digit of 501343518?
8
What is the hundred thousands digit of 1136478245?
4
What is the units digit of 2175640993?
3
What is the ten millions digit of 213890077?
1
What is the tens digit of 4241843954?
5
What is the hundred thousands digit of 3186533551?
5
What is the hundred millions digit of 5663213219?
6
What is the units digit of 1072415593?
3
What is the millions digit of 156765920?
6
What is the thousands digit of 51130959?
0
What is the hundred millions digit of 582781737?
5
What is the hundreds digit of 33283116?
1
What is the thousands digit of 35486408?
6
What is the hundreds digit of 79017856?
8
What is the ten thousands digit of 600838267?
3
What is the millions digit of 60848653?
0
What is the hundreds digit of 3791047749?
7
What is the hundred millions digit of 440634888?
4
What is the thousands digit of 228799135?
9
What is the hundred millions digit of 199773724?
1
What is the thousands digit of 28943234?
3
What is the hundred millions digit of 312238646?
3
What is the ten thousands digit of 179853644?
5
What is the hundred millions digit of 3124376833?
1
What is the thousands digit of 122639961?
9
What is the thousands digit of 1560814439?
4
What is the hundreds digit of 758109115?
1
What is the hundred thousands digit of 11892340?
8
What is the thousands digit of 1639961?
9
What is the billions digit of 1126245658?
1
What is the billions digit of 3227574196?
3
What is the millions digit of 168306844?
8
What is the ten millions digit of 46467531?
4
What is the hundred thousands digit of 4061562674?
5
What is the ten millions digit of 210598295?
1
What is the millions digit of 1679121510?
9
What is the thousands digit of 252751734?
1
What is the ten thousands digit of 1073148?
7
What is the hundred millions digit of 2393629261?
3
What is the hundred millions digit of 762486787?
7
What is the millions digit of 49608718?
9
What is the hundreds digit of 3935371?
3
What is the ten thousands digit of 74094136?
9
What is the ten millions digit of 80796034?
8
What is the tens digit of 94722642?
4
What is the thousands digit of 1561870657?
0
What is the ten thousands digit of 2986927948?
2
What is the ten millions digit of 374605909?
7
What is the tens digit of 59103888?
8
What is the hundred thousands digit of 77174655?
1
What is the hundreds digit of 376793349?
3
What is the millions digit of 4938199148?
8
What is the ten millions digit of 12783449?
1
What is the ten thousands digit of 62977015?
7
What is the millions digit of 886503509?
6
What is the ten millions digit of 207898812?
0
What is the units digit of 21675971?
1
What is the millions digit of 288562371?
8
What is the ten thousands digit of 791125723?
2
What is the thousands digit of 1401606125?
6
What is the hundreds digit of 495146092?
0
What is the millions digit of 2097105?
2
What is the billions digit of 1229689164?
1
What is the millions digit of 4421940?
4
What is the hundred millions digit of 2964